. Let p(h) = 0*h - 12 + 0*h - 2*h. Let v(m) = 17*p(m) - 6*z(m). Let r be v(6). What is the greatest common factor of r and 45?
9
Let f be (1 + -1)*(-5 - -4). Suppose -t + 6*t - 290 = f. Let a be 1/(-2) + t/4. Calculate the highest common factor of 98 and a.
14
Suppose -k = 4 - 0. Let z be (k - (-3)/3)*7. Let m = z + 29. What is the greatest common divisor of m and 32?
8
Let q(o) = 2*o - 6. Let b be q(4). Let v(i) = 5*i**3 - 4*i**2 + 2*i + 2. Let m be v(b). What is the highest common factor of m and 15?
15
Let w(q) = q**2 + 7*q + 11. Let m be w(8). Let n = 203 - m. What is the greatest common divisor of 9 and n?
9
Suppose -x + 0*x = -39. Suppose -3*w + 3*c + x = 0, -5*c + 3 - 8 = -w. Let z = 135 - 60. What is the highest common factor of w and z?
15
Let f = -36 + 38. Calculate the greatest common factor of 22 and f.
2
Let g(u) = u**2 - 8*u + 13. Let a be g(6). Let p be 0*(3 + -2*1). Let j be (p - -1)*5 - -2. Calculate the greatest common divisor of j and a.
1
Let y(a) = 14*a**2 - 9*a - 8. Let q be y(-3). Calculate the greatest common divisor of 29 and q.
29
Suppose 113 + 19 = 4*y. Calculate the highest common divisor of 11 and y.
11
Suppose 4*x = -u + 50, 3*u - 30 = -0*x - 2*x. Calculate the highest common divisor of 120 and x.
12
Let h(c) be the second derivative of -c**5/10 - c**4/12 + c**3/2 + c**2/2 - c. Let j be h(-2). Let z = 154 - 105. What is the greatest common factor of j and z?
7
Suppose 4*h = 33 - 21. Let y(j) = j - 2. Let l be y(4). Let c = -1 + l. What is the greatest common factor of c and h?
1
Suppose 3*j - 446 = -62. What is the greatest common divisor of 16 and j?
16
Let v(l) = -13*l + 12. Let c be v(-5). What is the highest common factor of c and 11?
11
Suppose -159 = -h - 0*h + 3*v, 4*h = 4*v + 644. Calculate the highest common divisor of h and 18.
18
Let k(q) = -q - 1. Let a be k(-6). Let u be 1 + -3 - (-2 - a). Suppose h - 4*h = -u*n - 41, -5*n = 3*h - 61. Calculate the greatest common divisor of h and 136.
17
Let k(x) = -x**2 - 5*x + 2. Let s be k(-5). Suppose -s*h = -2*i + 54, 0*i + 2*h = 4*i - 100. What is the greatest common factor of i and 207?
23
Suppose -5*k - y = -5*y - 94, -k + y + 19 = 0. Let a = 9 + -5. Suppose -3*p - 808 = -5*r - p, a*r - p = 647. What is the highest common factor of r and k?
18
Let s(k) = 10*k**2 - 3*k + 1. Let l be s(2). Suppose 3*t = 3*g - 6, 0*t + 2*t = -5*g + 31. What is the highest common factor of g and l?
5
Suppose 31 = -5*m - 24. Let t = -5 - m. Calculate the greatest common factor of t and 18.
6
Suppose 2*n - 8 = -w + 15, -5*n - 5*w = -55. What is the greatest common divisor of n and 12?
12
Let l be (1/2)/(3/54). Let b(o) = o**2 - 2*o + 1. Let a be b(1). Suppose -5*z + a*q + 9 = q, -4*q = -z - 15. What is the highest common factor of l and z?
1
Let z(i) = 54*i. Let t(m) = m**2 + 4*m - 4. Let g be t(-5). Let l be z(g). Calculate the highest common factor of 18 and l.
18
Suppose 0 = 2*p - 17 + 9. Suppose 4*r - 3*n - 18 = -0*n, -2*n = -p*r + 20. What is the greatest common factor of r and 3?
3
Let l(w) = w**2 + 16*w + 3. Let s be l(-22). Calculate the greatest common factor of 54 and s.
27
Let f = -92 - -164. Suppose 5*a - f = a. Calculate the highest common divisor of a and 45.
9
Let a(r) = 2*r**2 + 11*r + 14. Let f be a(-6). Calculate the greatest common factor of f and 180.
20
Let v(q) = -q**3 - 3*q**2 + q - 5. Let z be v(-5). Let k = 56 + -51. Suppose 4*s - 68 = -4*j, -s = k*j - z + 3. What is the greatest common divisor of 2 and s?
2
Let x(n) = -n - 4. Let o = 5 + -11. Let d be x(o). Suppose d = a - 3*b, 4*a + 3*b = -0*b + 23. What is the greatest common divisor of 55 and a?
5
Let t be (300/70)/((-6)/(-28)). What is the highest common divisor of 4 and t?
4
Let n be (22/6 - (-8)/(-12)) + 0. Calculate the greatest common factor of 15 and n.
3
Let g(q) = -9*q + 3. Let k be g(-3). Suppose -3*x = -4*x + k. What is the highest common factor of 12 and x?
6
Let w(l) = l - 23. Let m be w(0). Let n = m + 49. Calculate the greatest common factor of n and 65.
13
Suppose -3*q - 97 = -2*m, -q = -4*m - 6*q + 205. What is the greatest common divisor of 125 and m?
25
Let d = 110 - 77. Let b = 19 - 8. Calculate the highest common factor of d and b.
11
Suppose 63 - 239 = -8*t. Let b be 2/3 + (-8)/(-6). Suppose 0 = -5*m - b*l, -3*m - 6*l + l - 19 = 0. What is the highest common divisor of m and t?
2
Let b = -1 - -4. Suppose b*s + 15 = 0, 4*v + s - 170 = -s. Suppose -h = -0*h - 5. What is the highest common divisor of v and h?
5
Suppose -2*j + 1 = g + 3, 3*j - 19 = 4*g. Let o be 20 + (-1)/(-1)*g. What is the greatest common divisor of 2 and o?
2
Suppose 0 = -k - 3*k + 84. Calculate the greatest common divisor of 21 and k.
21
Let j = -1 + 1. Suppose z - 22 + 0 = j. Let q(a) = 29*a - 3. Let x be q(2). What is the highest common factor of x and z?
11
Let a(m) = 2*m - 28. Let d be a(15). Let b be (d/3)/((-1)/(-3)). Calculate the greatest common factor of b and 6.
2
Suppose 2*l = l + 8. Let m(z) = -z**2 - z + 145. Let c be m(0). Let i = c + -73. Calculate the highest common factor of i and l.
8
Suppose -4*s + 48 = -2*s. What is the greatest common factor of s and 6?
6
Suppose -5*j - 96 = -u, -5*j = -2*j. Suppose 4*q = 2*t - 111 + 15, t + 2 = 0. Let r = -13 - q. Calculate the greatest common factor of r and u.
12
Let m = -18 + 30. What is the highest common divisor of 48 and m?
12
Suppose 67*i - 71*i + 588 = 0. Calculate the greatest common divisor of i and 21.
21
Let p = 0 + 2. Suppose x = 27 - p. What is the highest common factor of 10 and x?
5
Let x be (-1 - 1)/2 + 12. Let o(c) = 4*c**2 - 3*c + 3. Let s be o(5). Calculate the greatest common factor of s and x.
11
Let v be (-6)/(-8)*-2*-16. Let r(n) = 10*n - 1. Let x be r(4). Let q = x + -27. Calculate the greatest common divisor of q and v.
12
Suppose -c = 3*n - 111, -5*c - 4*n + 146 = -387. Suppose 7*k - c = 2*k. Suppose -2*t + 7 = t + p, -p - 5 = -t. Calculate the highest common factor of k and t.
3
Suppose -2*m + 63 = 7*m. Calculate the highest common factor of m and 77.
7
Let c(b) = -16*b - 3. Let s be c(-5). Suppose -2*x = 3*x - 20. Suppose 18 = x*g - 10. Calculate the greatest common divisor of g and s.
7
Let z be 234/(-4)*(56/(-12) + 4). What is the greatest common factor of 26 and z?
13
Let l be (-1322)/(-8) - 2/8. Suppose 2*i - k = 125, 3*i + 4*k - k = l. Let w(h) = 2*h - 10. Let c be w(17). What is the greatest common divisor of c and i?
12
Suppose 5*j - 5*m + 5 = 0, 3*j - m + 3*m = 22. Suppose -2*c - 2*n + 36 = 2*n, 0 = 2*c - 3*n - 29. What is the highest common factor of j and c?
4
Suppose -y - 4*y + 15 = 0. Suppose 0 = -4*s + y*s + 12. Calculate the highest common factor of s and 48.
12
Let j = 69 - 33. Calculate the greatest common divisor of j and 4.
4
Suppose -3*z - 234 + 59 = -5*n, -3*n = -3*z - 105. Let g = 64 - n. Calculate the highest common divisor of g and 58.
29
Suppose -k = -6 + 32. Let b be ((-21)/1)/(3/2). Let p = b - k. Calculate the greatest common factor of 6 and p.
6
Suppose -2*t + 132 = 2*v, 9*t - 4*t = -4*v + 267. Let u(x) = -8*x - 1. Let d be u(-1). Calculate the highest common factor of d and v.
7
Let p be 33/((18/(-4))/(-3)). Suppose 3*d - 5*k = -k + 111, 4*d = k + 135. Calculate the greatest common factor of d and p.
11
Let r be 27 + (8 - (0 - -5)). Suppose -60 = -0*y - 3*y. What is the highest common factor of y and r?
10
Suppose -3*q - 16 = -4. Let f = q + 5. Suppose h = -l + 2*h + 18, -2*l + f = 5*h. What is the greatest common divisor of 91 and l?
13
Let q = 10 - 2. Suppose 2*n + 0*n = 94. Suppose 4*u + 85 = 5*l - n, -2*l = -3*u - 57. Calculate the highest common factor of q and l.
8
Let q(y) = 7*y + 4. Let x be q(3). Let a be 10/x + (-16)/(-10). Suppose -30 = -m - a*m. What is the greatest common divisor of 10 and m?
10
Suppose -10 = -3*y + y. Let x = 0 + y. Suppose 3*c + 0*c - 56 = -4*i, 0 = -x*c + 20. What is the greatest common factor of i and 99?
11
Let t(h) = -9*h + 1. Let k be t(-2). Calculate the highest common divisor of 152 and k.
19
Let n be 2*1 + 8/(-1). Let z be (n/4)/((-2)/40). Let c(g) = -8*g + 2. Let o be c(-1). What is the greatest common factor of o and z?
10
Suppose 4*i + 5*d - 8 - 9 = 0, 3*i = -5*d + 19. Let f(r) = -18*r - 3. Let y be f(i). What is the highest common divisor of 231 and y?
33
